{"id":212,"date":"2021-08-23T19:49:46","date_gmt":"2021-08-23T19:49:46","guid":{"rendered":"https:\/\/www.szkolarysunkukalisz.pl\/?page_id=212"},"modified":"2025-09-06T07:23:18","modified_gmt":"2025-09-06T07:23:18","slug":"oferta-2021-2022","status":"publish","type":"page","link":"https:\/\/www.szkolarysunkukalisz.pl\/?page_id=212","title":{"rendered":"Oferta 2025\/2026"},"content":{"rendered":"\n<p><\/p>\n\n\n\n<p class=\"has-text-align-center\">Zapisy do nowych grup: <\/p>\n\n\n\n<h3 class=\"wp-block-heading has-text-align-center\"><a href=\"https:\/\/zapisy.activenow.pl\/pracownia-gliniana-kursy-grupowe\/\">Do\u0142\u0105cz do nas<\/a><\/h3>\n\n\n\n<p class=\"has-text-align-center\"><strong>Rozr\u00f3\u017cniamy trzy poziomy grup ze wzgl\u0119du na wiek uczestnik\u00f3w: <\/strong><\/p>\n\n\n\n<p class=\"has-text-align-center\"><strong>Klasy 1-4, 5-8 oraz liceum\/doro\u015bli<\/strong><\/p>\n\n\n\n<p class=\"has-text-align-center\"><strong>Ilo\u015b\u0107 miejsc ograniczona<\/strong><\/p>\n\n\n\n<p class=\"has-text-align-center\">Zaj\u0119cia odbywaj\u0105 si\u0119 w raz w tygodniu<\/p>\n\n\n\n<p class=\"has-text-align-center\"><strong>Op\u0142ata comiesi\u0119czna regulowana jest z g\u00f3ry <\/strong><\/p>\n\n\n\n<p><\/p>\n\n\n\n<p><\/p>\n\n\n\n<p><\/p>\n\n\n\n<h2 class=\"wp-block-heading has-text-align-center has-text-color\" id=\"grupa-i-klasy-1-4\" style=\"color:#f50358\">Klasy 1-4<\/h2>\n\n\n\n<h3 class=\"wp-block-heading has-text-align-center\" id=\"plan-zajec-dla-grupa-i-klasy-1-4\">Plan zaj\u0119\u0107 dla Grupa I (klasy 1-4)<\/h3>\n\n\n\n<div style=\"height:20px\" aria-hidden=\"true\" class=\"wp-block-spacer\"><\/div>\n\n\n\n<div class=\"wp-block-group\"><div class=\"wp-block-group__inner-container is-layout-flow wp-block-group-is-layout-flow\">\n<p class=\"has-text-align-center\">Grupa Da Vinci &#8211; poniedzia\u0142ek 16:00-17:00<\/p>\n\n\n\n<p class=\"has-text-align-center\">Grupa Klimt &#8211; poniedzia\u0142ek 17:15-18:15<\/p>\n\n\n\n<p class=\"has-text-align-center\">Grupa Mehoffer &#8211; poniedzia\u0142ek 18:30-19:30<\/p>\n\n\n\n<p class=\"has-text-align-center\">Grupa Mehoffer &#8211; wtorek 18:20-19:20<\/p>\n\n\n\n<p class=\"has-text-align-center\">Grupa Malczewski &#8211; wtorek 15:50-16:50<\/p>\n\n\n\n<p class=\"has-text-align-center\">Grupa Matejko &#8211; wtorek 17:10-18:10<\/p>\n\n\n\n<p class=\"has-text-align-center\">Grupa Kossak &#8211; wtorek 18:30-19:30<\/p>\n\n\n\n<p class=\"has-text-align-center\">Grupa Micha\u0142 Anio\u0142 &#8211; \u015broda 16:30-17:30<\/p>\n\n\n\n<p class=\"has-text-align-center\">Grupa Monet &#8211; czwartek 16:30-17:30<\/p>\n<\/div><\/div>\n\n\n\n<p class=\"has-text-align-center\">Grupa Van Gogh &#8211; pi\u0105tek 16:00-17:00<\/p>\n\n\n\n<p class=\"has-text-align-center\">Grupa Pankiewicz &#8211; sobota 13:00-14:00<\/p>\n\n\n\n<div style=\"height:30px\" aria-hidden=\"true\" class=\"wp-block-spacer\"><\/div>\n\n\n\n<p class=\"has-text-align-center\">Nazwy grup (przyporz\u0105dkowanie do konkretnego artysty) nie s\u0105 zale\u017cne od poziomu zaawansowania.<\/p>\n\n\n\n<p class=\"has-text-align-center\"><strong>Ilo\u015b\u0107 miejsc ograniczona<\/strong><\/p>\n\n\n\n<p class=\"has-text-align-center\">Op\u0142ata miesi\u0119czna 160z\u0142 (4 zaj\u0119cia)<\/p>\n\n\n\n<p class=\"has-text-align-center\"><strong><a href=\"https:\/\/zapisy.activenow.pl\/pracownia-gliniana-kursy-grupowe\/\" data-type=\"link\" data-id=\"https:\/\/zapisy.activenow.pl\/pracownia-gliniana-kursy-grupowe\/\">Zapisy<\/a><\/strong><\/p>\n\n\n\n<div style=\"height:50px\" aria-hidden=\"true\" class=\"wp-block-spacer\"><\/div>\n\n\n\n<p><\/p>\n\n\n\n<h2 class=\"wp-block-heading has-text-align-center has-text-color\" id=\"grupa-ii-klasy-5-8\" style=\"color:#f50358\">Klasy 5-8<\/h2>\n\n\n\n<h3 class=\"wp-block-heading has-text-align-center\" id=\"plan-zajec-dla-grupa-ii-klasy-5-8\">Plan zaj\u0119\u0107 dla Grupa II (klasy 5-8)<\/h3>\n\n\n\n<div style=\"height:20px\" aria-hidden=\"true\" class=\"wp-block-spacer\"><\/div>\n\n\n\n<p class=\"has-text-align-center\">Grupa A.Mucha &#8211; poniedzia\u0142ek 16:00-17:30 (mo\u017cliwo\u015b\u0107 uczestnictwa klas 4-kontynuacja nauki)<\/p>\n\n\n\n<p class=\"has-text-align-center\">Grupa Bozna\u0144ska &#8211; poniedzia\u0142ek 17:45-19:15<\/p>\n\n\n\n<p class=\"has-text-align-center\">Grupa Kahlo &#8211; \u015broda 17:45-19:15<\/p>\n\n\n\n<p class=\"has-text-align-center\">Grupa Szapocznikow &#8211; czwartek 17:45-19:15<\/p>\n\n\n\n<div style=\"height:30px\" aria-hidden=\"true\" class=\"wp-block-spacer\"><\/div>\n\n\n\n<p class=\"has-text-align-center\">Nazwy grup (przyporz\u0105dkowanie do konkretnego artysty) nie s\u0105 zale\u017cne od poziomu zaawansowania.<\/p>\n\n\n\n<p class=\"has-text-align-center\"><strong>Ilo\u015b\u0107 miejsc ograniczona<\/strong><\/p>\n\n\n\n<p class=\"has-text-align-center\">Op\u0142ata miesi\u0119czna 180z\u0142 (4 zaj\u0119cia)<\/p>\n\n\n\n<p class=\"has-text-align-center\"><strong><a href=\"https:\/\/zapisy.activenow.pl\/pracownia-gliniana-kursy-grupowe\/\" data-type=\"link\" data-id=\"https:\/\/zapisy.activenow.pl\/pracownia-gliniana-kursy-grupowe\/\">Zapisy<\/a><\/strong><\/p>\n\n\n\n<div style=\"height:50px\" aria-hidden=\"true\" class=\"wp-block-spacer\"><\/div>\n\n\n\n<p><\/p>\n\n\n\n<h2 class=\"wp-block-heading has-text-align-center has-text-color\" id=\"grupa-iii-liceum\" style=\"color:#f50358\">Grupa III (liceum)&nbsp;<\/h2>\n\n\n\n<div style=\"height:0px\" aria-hidden=\"true\" class=\"wp-block-spacer\"><\/div>\n\n\n\n<p><strong>W minionym roku szkolnym osi\u0105gn\u0119li\u015bmy 100-procentow\u0105 zdawalno\u015b\u0107 na uczelnie wy\u017csze. W 2025 mamy nowych pierwszoroczniak\u00f3w na Politechnice Wroc\u0142awskiej, Pozna\u0144skiej, \u0141\u00f3dzkiej oraz Akademii Sztuk Pi\u0119knych we Wroc\u0142awiu i UAP Pozna\u0144. Najwy\u017cszy uzyskane wynik to 11 miejsce na li\u015bcie Architektury Politechniki Warszawskiej 155\/200 punkt\u00f3w, pi\u0119kny wynik tak\u017ce w \u0141odzi 450\/500 punkt\u00f3w, oraz we Wroc\u0142awiu 580\/660. <\/strong><br><\/p>\n\n\n\n<p class=\"has-text-align-center\">Grupa Fangor &#8211; pi\u0105tek 17:10-20:10<\/p>\n\n\n\n<p class=\"has-text-align-center\">Grupa Gaudi &#8211; sobota 9:30-12:30<\/p>\n\n\n\n<p class=\"has-text-align-center\">Nazwy grup (przyporz\u0105dkowanie do konkretnego artysty) nie s\u0105 zale\u017cne od poziomu zaawansowania.<\/p>\n\n\n\n<p class=\"has-text-align-center\"><strong>Ilo\u015b\u0107 miejsc ograniczona<\/strong><\/p>\n\n\n\n<p class=\"has-text-align-center\">Op\u0142ata miesi\u0119czna 340z\u0142 (4 zaj\u0119cia), 320 z\u0142-kontynuuj\u0105cy zaj\u0119cia z poprzedniego roku<\/p>\n\n\n\n<p class=\"has-text-align-center\"><strong><a href=\"https:\/\/zapisy.activenow.pl\/pracownia-gliniana-kursy-grupowe\/\" data-type=\"link\" data-id=\"https:\/\/zapisy.activenow.pl\/pracownia-gliniana-kursy-grupowe\/\">Zapisy<\/a><\/strong><\/p>\n\n\n\n<p><\/p>\n\n\n\n<p>Spotkania grupy licealnej obejmuj\u0105: 12 godzin w miesi\u0105cu + mo\u017cliwo\u015b\u0107 korzystania z pracowni otwartej, zaj\u0119cia z rysowania martwej natury, postaci,&nbsp;malarstwa, prac z wyobra\u017ani (w zale\u017cno\u015bci od wybranego kierunku studi\u00f3w)<\/p>\n\n\n\n<p><strong>Op\u0142acane miesi\u0119cznie z g\u00f3ry<\/strong><br>Po wcze\u015bniejszym powiadomieniu prowadz\u0105cego mo\u017cliwe jest odrabianie zaj\u0119\u0107 w tygodniu.<\/p>\n\n\n\n<p><strong>Na pierwsze zaj\u0119cia zabierzcie ze sob\u0105 kilka o\u0142\u00f3wk\u00f3w o r\u00f3\u017cnej twardo\u015bci,&nbsp;<\/strong><strong>gumk\u0119 do mazania oraz&nbsp;<\/strong><strong>brystol 50x70cm.<\/strong><\/p>\n\n\n\n<p><strong>Bardzo ch\u0119tnie obejrzymy Wasze dotychczasowe prace, dadz\u0105 nam pe\u0142en obraz&nbsp;umiej\u0119tno\u015bci rysunkowych.<\/strong> Op\u0142aty regulowane s\u0105 z g\u00f3ry za miesi\u0105c. Po wcze\u015bniejszym powiadomieniu prowadz\u0105cego mo\u017cliwe jest odrabianie zaj\u0119\u0107 w tygodniu.<\/p>\n\n\n\n<p><\/p>\n\n\n\n<h3 class=\"wp-block-heading has-text-align-center\" id=\"plan-zajec-dla-grupa-iii-liceum\"><\/h3>\n\n\n\n<h2 class=\"wp-block-heading has-text-align-center has-black-color has-white-background-color has-text-color has-background has-link-color wp-elements-0def43451474dd4191b3b45ccf50ce4d\" id=\"grupa-doroslych\">Warsztaty tematyczne&nbsp;<\/h2>\n\n\n\n<p class=\"has-text-align-center\">Warsztaty tematyczne w czasie roku szkolnego realizowane s\u0105 okazjonalnie, oferta b\u0119dzie ka\u017cdorazowo dost\u0119pna na stronie i mediach spo\u0142eczno\u015bciowych. <\/p>\n\n\n\n<p><\/p>\n\n\n\n<p><\/p>\n\n\n\n<p><\/p>\n\n\n\n<p><\/p>\n\n\n\n<h2 class=\"wp-block-heading has-text-align-center has-text-color\" id=\"oplaty\" style=\"color:#f50358\">Op\u0142aty<\/h2>\n\n\n\n<div style=\"height:20px\" aria-hidden=\"true\" class=\"wp-block-spacer\"><\/div>\n\n\n\n<h3 class=\"wp-block-heading has-text-align-center\" id=\"wplat-mozna-dokonywac-przelewajac-pieniadze-na-ponizszy-nr-konta-bankowego\">Wp\u0142at mo\u017cna dokonywa\u0107 przelewaj\u0105c pieni\u0105dze na poni\u017cszy nr konta bankowego<\/h3>\n\n\n\n<p class=\"has-text-align-center\">Santander Bank:&nbsp;<strong>15 1090 1128 0000 0001 4256 5135<\/strong><\/p>\n\n\n\n<p class=\"has-text-align-center\">Dane do przelewu:&nbsp;<strong>Studio Projektowe Natalia Pietrzykowska,&nbsp;<\/strong><strong>ul. Babina 17\/2, 62-800 Kalisz<\/strong>,&nbsp;<\/p>\n\n\n\n<p class=\"has-text-align-center\">tytu\u0142em: Kurs rysunku<strong>,<\/strong>&nbsp;imi\u0119 i nazwisko uczestnika, grupa wiekowa, miesi\u0105c<\/p>\n\n\n\n<h2 class=\"wp-block-heading has-white-color has-text-color has-link-color wp-elements-0d6a0d3a359251558ce9c9e6e5c5ccbf\"><\/h2>\n","protected":false},"excerpt":{"rendered":"<p>Zapisy do nowych grup: Do\u0142\u0105cz do nas Rozr\u00f3\u017cniamy trzy poziomy grup ze wzgl\u0119du na wiek uczestnik\u00f3w: Klasy 1-4, 5-8 oraz liceum\/doro\u015bli Ilo\u015b\u0107 miejsc ograniczona Zaj\u0119cia odbywaj\u0105 si\u0119 w raz w tygodniu Op\u0142ata comiesi\u0119czna regulowana jest z g\u00f3ry Klasy 1-4 Plan [&hellip;]<\/p>\n","protected":false},"author":1,"featured_media":0,"parent":0,"menu_order":0,"comment_status":"closed","ping_status":"closed","template":"page-templates\/page_fullwidth.php","meta":{"footnotes":""},"class_list":["post-212","page","type-page","status-publish","hentry","clearfix"],"_links":{"self":[{"href":"https:\/\/www.szkolarysunkukalisz.pl\/index.php?rest_route=\/wp\/v2\/pages\/212","targetHints":{"allow":["GET"]}}],"collection":[{"href":"https:\/\/www.szkolarysunkukalisz.pl\/index.php?rest_route=\/wp\/v2\/pages"}],"about":[{"href":"https:\/\/www.szkolarysunkukalisz.pl\/index.php?rest_route=\/wp\/v2\/types\/page"}],"author":[{"embeddable":true,"href":"https:\/\/www.szkolarysunkukalisz.pl\/index.php?rest_route=\/wp\/v2\/users\/1"}],"replies":[{"embeddable":true,"href":"https:\/\/www.szkolarysunkukalisz.pl\/index.php?rest_route=%2Fwp%2Fv2%2Fcomments&post=212"}],"version-history":[{"count":124,"href":"https:\/\/www.szkolarysunkukalisz.pl\/index.php?rest_route=\/wp\/v2\/pages\/212\/revisions"}],"predecessor-version":[{"id":839,"href":"https:\/\/www.szkolarysunkukalisz.pl\/index.php?rest_route=\/wp\/v2\/pages\/212\/revisions\/839"}],"wp:attachment":[{"href":"https:\/\/www.szkolarysunkukalisz.pl\/index.php?rest_route=%2Fwp%2Fv2%2Fmedia&parent=212"}],"curies":[{"name":"wp","href":"https:\/\/api.w.org\/{rel}","templated":true}]}}

<p></p>



<p class="has-text-align-center">Zapisy do nowych grup: </p>



<h3 class="wp-block-heading has-text-align-center"><a href="https://zapisy.activenow.pl/pracownia-gliniana-kursy-grupowe/">Dołącz do nas</a></h3>



<p class="has-text-align-center"><strong>Rozróżniamy trzy poziomy grup ze względu na wiek uczestników: </strong></p>



<p class="has-text-align-center"><strong>Klasy 1-4, 5-8 oraz liceum/dorośli</strong></p>



<p class="has-text-align-center"><strong>Ilość miejsc ograniczona</strong></p>



<p class="has-text-align-center">Zajęcia odbywają się w raz w tygodniu</p>



<p class="has-text-align-center"><strong>Opłata comiesięczna regulowana jest z góry </strong></p>



<p></p>



<p></p>



<p></p>



<h2 class="wp-block-heading has-text-align-center has-text-color" id="grupa-i-klasy-1-4" style="color:#f50358">Klasy 1-4</h2>



<h3 class="wp-block-heading has-text-align-center" id="plan-zajec-dla-grupa-i-klasy-1-4">Plan zajęć dla Grupa I (klasy 1-4)</h3>



<div style="height:20px" aria-hidden="true" class="wp-block-spacer"></div>



<div class="wp-block-group"><div class="wp-block-group__inner-container is-layout-flow wp-block-group-is-layout-flow">
<p class="has-text-align-center">Grupa Da Vinci &#8211; poniedziałek 16:00-17:00</p>



<p class="has-text-align-center">Grupa Klimt &#8211; poniedziałek 17:15-18:15</p>



<p class="has-text-align-center">Grupa Mehoffer &#8211; poniedziałek 18:30-19:30</p>



<p class="has-text-align-center">Grupa Mehoffer &#8211; wtorek 18:20-19:20</p>



<p class="has-text-align-center">Grupa Malczewski &#8211; wtorek 15:50-16:50</p>



<p class="has-text-align-center">Grupa Matejko &#8211; wtorek 17:10-18:10</p>



<p class="has-text-align-center">Grupa Kossak &#8211; wtorek 18:30-19:30</p>



<p class="has-text-align-center">Grupa Michał Anioł &#8211; środa 16:30-17:30</p>



<p class="has-text-align-center">Grupa Monet &#8211; czwartek 16:30-17:30</p>
</div></div>



<p class="has-text-align-center">Grupa Van Gogh &#8211; piątek 16:00-17:00</p>



<p class="has-text-align-center">Grupa Pankiewicz &#8211; sobota 13:00-14:00</p>



<div style="height:30px" aria-hidden="true" class="wp-block-spacer"></div>



<p class="has-text-align-center">Nazwy grup (przyporządkowanie do konkretnego artysty) nie są zależne od poziomu zaawansowania.</p>



<p class="has-text-align-center"><strong>Ilość miejsc ograniczona</strong></p>



<p class="has-text-align-center">Opłata miesięczna 160zł (4 zajęcia)</p>



<p class="has-text-align-center"><strong><a href="https://zapisy.activenow.pl/pracownia-gliniana-kursy-grupowe/" data-type="link" data-id="https://zapisy.activenow.pl/pracownia-gliniana-kursy-grupowe/">Zapisy</a></strong></p>



<div style="height:50px" aria-hidden="true" class="wp-block-spacer"></div>



<p></p>



<h2 class="wp-block-heading has-text-align-center has-text-color" id="grupa-ii-klasy-5-8" style="color:#f50358">Klasy 5-8</h2>



<h3 class="wp-block-heading has-text-align-center" id="plan-zajec-dla-grupa-ii-klasy-5-8">Plan zajęć dla Grupa II (klasy 5-8)</h3>



<div style="height:20px" aria-hidden="true" class="wp-block-spacer"></div>



<p class="has-text-align-center">Grupa A.Mucha &#8211; poniedziałek 16:00-17:30 (możliwość uczestnictwa klas 4-kontynuacja nauki)</p>



<p class="has-text-align-center">Grupa Boznańska &#8211; poniedziałek 17:45-19:15</p>



<p class="has-text-align-center">Grupa Kahlo &#8211; środa 17:45-19:15</p>



<p class="has-text-align-center">Grupa Szapocznikow &#8211; czwartek 17:45-19:15</p>



<div style="height:30px" aria-hidden="true" class="wp-block-spacer"></div>



<p class="has-text-align-center">Nazwy grup (przyporządkowanie do konkretnego artysty) nie są zależne od poziomu zaawansowania.</p>



<p class="has-text-align-center"><strong>Ilość miejsc ograniczona</strong></p>



<p class="has-text-align-center">Opłata miesięczna 180zł (4 zajęcia)</p>



<p class="has-text-align-center"><strong><a href="https://zapisy.activenow.pl/pracownia-gliniana-kursy-grupowe/" data-type="link" data-id="https://zapisy.activenow.pl/pracownia-gliniana-kursy-grupowe/">Zapisy</a></strong></p>



<div style="height:50px" aria-hidden="true" class="wp-block-spacer"></div>



<p></p>



<h2 class="wp-block-heading has-text-align-center has-text-color" id="grupa-iii-liceum" style="color:#f50358">Grupa III (liceum)&nbsp;</h2>



<div style="height:0px" aria-hidden="true" class="wp-block-spacer"></div>



<p><strong>W minionym roku szkolnym osiągnęliśmy 100-procentową zdawalność na uczelnie wyższe. W 2025 mamy nowych pierwszoroczniaków na Politechnice Wrocławskiej, Poznańskiej, Łódzkiej oraz Akademii Sztuk Pięknych we Wrocławiu i UAP Poznań. Najwyższy uzyskane wynik to 11 miejsce na liście Architektury Politechniki Warszawskiej 155/200 punktów, piękny wynik także w Łodzi 450/500 punktów, oraz we Wrocławiu 580/660. </strong><br></p>



<p class="has-text-align-center">Grupa Fangor &#8211; piątek 17:10-20:10</p>



<p class="has-text-align-center">Grupa Gaudi &#8211; sobota 9:30-12:30</p>



<p class="has-text-align-center">Nazwy grup (przyporządkowanie do konkretnego artysty) nie są zależne od poziomu zaawansowania.</p>



<p class="has-text-align-center"><strong>Ilość miejsc ograniczona</strong></p>



<p class="has-text-align-center">Opłata miesięczna 340zł (4 zajęcia), 320 zł-kontynuujący zajęcia z poprzedniego roku</p>



<p class="has-text-align-center"><strong><a href="https://zapisy.activenow.pl/pracownia-gliniana-kursy-grupowe/" data-type="link" data-id="https://zapisy.activenow.pl/pracownia-gliniana-kursy-grupowe/">Zapisy</a></strong></p>



<p></p>



<p>Spotkania grupy licealnej obejmują: 12 godzin w miesiącu + możliwość korzystania z pracowni otwartej, zajęcia z rysowania martwej natury, postaci,&nbsp;malarstwa, prac z wyobraźni (w zależności od wybranego kierunku studiów)</p>



<p><strong>Opłacane miesięcznie z góry</strong><br>Po wcześniejszym powiadomieniu prowadzącego możliwe jest odrabianie zajęć w tygodniu.</p>



<p><strong>Na pierwsze zajęcia zabierzcie ze sobą kilka ołówków o różnej twardości,&nbsp;</strong><strong>gumkę do mazania oraz&nbsp;</strong><strong>brystol 50x70cm.</strong></p>



<p><strong>Bardzo chętnie obejrzymy Wasze dotychczasowe prace, dadzą nam pełen obraz&nbsp;umiejętności rysunkowych.</strong> Opłaty regulowane są z góry za miesiąc. Po wcześniejszym powiadomieniu prowadzącego możliwe jest odrabianie zajęć w tygodniu.</p>



<p></p>



<h3 class="wp-block-heading has-text-align-center" id="plan-zajec-dla-grupa-iii-liceum"></h3>



<h2 class="wp-block-heading has-text-align-center has-black-color has-white-background-color has-text-color has-background has-link-color wp-elements-0def43451474dd4191b3b45ccf50ce4d" id="grupa-doroslych">Warsztaty tematyczne&nbsp;</h2>



<p class="has-text-align-center">Warsztaty tematyczne w czasie roku szkolnego realizowane są okazjonalnie, oferta będzie każdorazowo dostępna na stronie i mediach społecznościowych. </p>



<p></p>



<p></p>



<p></p>



<p></p>



<h2 class="wp-block-heading has-text-align-center has-text-color" id="oplaty" style="color:#f50358">Opłaty</h2>



<div style="height:20px" aria-hidden="true" class="wp-block-spacer"></div>



<h3 class="wp-block-heading has-text-align-center" id="wplat-mozna-dokonywac-przelewajac-pieniadze-na-ponizszy-nr-konta-bankowego">Wpłat można dokonywać przelewając pieniądze na poniższy nr konta bankowego</h3>



<p class="has-text-align-center">Santander Bank:&nbsp;<strong>15 1090 1128 0000 0001 4256 5135</strong></p>



<p class="has-text-align-center">Dane do przelewu:&nbsp;<strong>Studio Projektowe Natalia Pietrzykowska,&nbsp;</strong><strong>ul. Babina 17/2, 62-800 Kalisz</strong>,&nbsp;</p>



<p class="has-text-align-center">tytułem: Kurs rysunku<strong>,</strong>&nbsp;imię i nazwisko uczestnika, grupa wiekowa, miesiąc</p>



<h2 class="wp-block-heading has-white-color has-text-color has-link-color wp-elements-0d6a0d3a359251558ce9c9e6e5c5ccbf"></h2>

<p>Zapisy do nowych grup: Dołącz do nas Rozróżniamy trzy poziomy grup ze względu na wiek uczestników: Klasy 1-4, 5-8 oraz liceum/dorośli Ilość miejsc ograniczona Zajęcia odbywają się w raz w tygodniu Opłata comiesięczna regulowana jest z góry Klasy 1-4 Plan [&hellip;]</p>
