{"id":212,"date":"2021-08-23T19:49:46","date_gmt":"2021-08-23T19:49:46","guid":{"rendered":"https:\/\/www.szkolarysunkukalisz.pl\/?page_id=212"},"modified":"2026-08-15T14:11:07","modified_gmt":"2026-08-15T14:11:07","slug":"oferta-2021-2022","status":"publish","type":"page","link":"https:\/\/www.szkolarysunkukalisz.pl\/?page_id=212","title":{"rendered":"Oferta 2026\/2027"},"content":{"rendered":"\n<p class=\"wp-block-paragraph\"><\/p>\n\n\n\n<p class=\"has-text-align-center wp-block-paragraph\">Zapisy do nowych grup: <\/p>\n\n\n\n<p class=\"has-text-align-center wp-block-paragraph\"><strong>Rozr\u00f3\u017cniamy cztery poziomy grup ze wzgl\u0119du na wiek uczestnik\u00f3w: <\/strong><\/p>\n\n\n\n<p class=\"has-text-align-center has-medium-font-size wp-block-paragraph\"><strong>MINI (7-9 lat), NEXT (10-11lat), PRO (12-14 lat), MASTER (15+)<\/strong><\/p>\n\n\n\n<p class=\"has-text-align-center wp-block-paragraph\"><strong>Ilo\u015b\u0107 miejsc ograniczona<\/strong><\/p>\n\n\n\n<p class=\"has-text-align-center wp-block-paragraph\">Zaj\u0119cia odbywaj\u0105 si\u0119 w raz w tygodniu<\/p>\n\n\n\n<p class=\"has-text-align-center wp-block-paragraph\"><strong>Op\u0142ata comiesi\u0119czna regulowana jest z g\u00f3ry <\/strong><\/p>\n\n\n\n<p class=\"wp-block-paragraph\"><\/p>\n\n\n\n<p class=\"wp-block-paragraph\"><\/p>\n\n\n\n<h2 class=\"wp-block-heading has-text-align-center has-text-color\" id=\"grupa-i-klasy-1-4\" style=\"color:#f50358\">MINI (7-9)<\/h2>\n\n\n\n<h3 class=\"wp-block-heading has-text-align-center\" id=\"plan-zajec-dla-grupa-i-klasy-1-4\">Plan zaj\u0119\u0107 <\/h3>\n\n\n\n<div class=\"wp-block-group\"><div class=\"wp-block-group__inner-container is-layout-flow wp-block-group-is-layout-flow\">\n<p class=\"has-text-align-center wp-block-paragraph\"><strong>poniedzia\u0142ek<\/strong> 16:00-16:45 &#8211; grupa 1  <\/p>\n\n\n\n<p class=\"has-text-align-center wp-block-paragraph\"><strong>poniedzia\u0142ek<\/strong> 17:00-17:45 &#8211; grupa 2<\/p>\n\n\n\n<p class=\"has-text-align-center wp-block-paragraph\"><strong>wtorek<\/strong> 16:00-16:45 &#8211; grupa 1<\/p>\n\n\n\n<p class=\"has-text-align-center wp-block-paragraph\"><strong>wtorek<\/strong> 17:00-17:45 &#8211; grupa 2<\/p>\n\n\n\n<p class=\"has-text-align-center wp-block-paragraph\"><strong>\u015broda<\/strong> 16:45-17:30 &#8211; grupa 1<\/p>\n\n\n\n<p class=\"has-text-align-center wp-block-paragraph\"><strong>czwartek<\/strong> 16:45-17:30 &#8211; grupa 1<\/p>\n\n\n\n<p class=\"has-text-align-center wp-block-paragraph\"><\/p>\n<\/div><\/div>\n\n\n\n<p class=\"has-text-align-center wp-block-paragraph\"><strong>Ilo\u015b\u0107 miejsc ograniczona<\/strong><\/p>\n\n\n\n<p class=\"has-text-align-center wp-block-paragraph\">Op\u0142ata miesi\u0119czna 160 z\u0142<\/p>\n\n\n\n<p class=\"has-text-align-center has-medium-font-size wp-block-paragraph\" style=\"text-indent:0px\"><strong>ZAPISY: <\/strong><a href=\"https:\/\/librusgo.pl\/course-group-sign-up\/7a21a48ca46d\" data-type=\"link\" data-id=\"https:\/\/librusgo.pl\/course-group-sign-up\/7a21a48ca46d\">https:\/\/librusgo.pl\/course-group-sign-up\/7a21a48ca46d<\/a><\/p>\n\n\n\n<h2 class=\"wp-block-heading has-text-align-center has-text-color\" id=\"grupa-ii-klasy-5-8\" style=\"color:#f50358\">NEXT (10-11 lat)<\/h2>\n\n\n\n<h3 class=\"wp-block-heading has-text-align-center\" id=\"plan-zajec-dla-grupa-ii-klasy-5-8\">Plan zaj\u0119\u0107 <\/h3>\n\n\n\n<p class=\"has-text-align-center wp-block-paragraph\"><strong>poniedzia\u0142ek <\/strong>18:15-19:15 grupa 1<\/p>\n\n\n\n<p class=\"has-text-align-center wp-block-paragraph\"><strong>wtorek<\/strong> 18:15-19:15<strong> <\/strong>grupa 1<\/p>\n\n\n\n<p class=\"has-text-align-center has-medium-font-size wp-block-paragraph\"><strong><strong>ZAPISY: <\/strong><a href=\"https:\/\/librusgo.pl\/course-group-sign-up\/7a21a48ca46d\" data-type=\"link\" data-id=\"https:\/\/librusgo.pl\/course-group-sign-up\/7a21a48ca46d\">https:\/\/librusgo.pl\/course-group-sign-up\/7a21a48ca46d<\/a><\/strong><\/p>\n\n\n\n<p class=\"wp-block-paragraph\"><\/p>\n\n\n\n<h2 class=\"wp-block-heading has-text-align-center has-text-color\" id=\"grupa-ii-klasy-5-8\" style=\"color:#f50358\">PRO (12-14 lat)<\/h2>\n\n\n\n<h3 class=\"wp-block-heading has-text-align-center\" id=\"plan-zajec-dla-grupa-ii-klasy-5-8\">Plan zaj\u0119\u0107 <\/h3>\n\n\n\n<div style=\"height:20px\" aria-hidden=\"true\" class=\"wp-block-spacer\"><\/div>\n\n\n\n<p class=\"has-text-align-center wp-block-paragraph\"><strong> poniedzia\u0142ek <\/strong>16:00-17:30  grupa 1<\/p>\n\n\n\n<p class=\"has-text-align-center wp-block-paragraph\"><strong>poniedzia\u0142ek<\/strong> 17:45-19:15<strong> <\/strong>grupa 1<\/p>\n\n\n\n<p class=\"has-text-align-center wp-block-paragraph\"><strong> \u015broda<\/strong> 17:45-19:15 grupa 1<\/p>\n\n\n\n<p class=\"has-text-align-center wp-block-paragraph\"><strong>czwartek<\/strong> 17:45-19:15 grupa 1<\/p>\n\n\n\n<div style=\"height:30px\" aria-hidden=\"true\" class=\"wp-block-spacer\"><\/div>\n\n\n\n<p class=\"has-text-align-center wp-block-paragraph\"><strong>Ilo\u015b\u0107 miejsc ograniczona<\/strong><\/p>\n\n\n\n<p class=\"has-text-align-center wp-block-paragraph\">Op\u0142ata miesi\u0119czna 200 z\u0142 <\/p>\n\n\n\n<p class=\"has-text-align-center has-medium-font-size wp-block-paragraph\"><strong>ZAPISY: <\/strong><a href=\"https:\/\/librusgo.pl\/course-group-sign-up\/7a21a48ca46d\" data-type=\"link\" data-id=\"https:\/\/librusgo.pl\/course-group-sign-up\/7a21a48ca46d\">https:\/\/librusgo.pl\/course-group-sign-up\/7a21a48ca46d<\/a><\/p>\n\n\n\n<div style=\"height:50px\" aria-hidden=\"true\" class=\"wp-block-spacer\"><\/div>\n\n\n\n<p class=\"wp-block-paragraph\"><\/p>\n\n\n\n<h2 class=\"wp-block-heading has-text-align-center has-text-color\" id=\"grupa-iii-liceum\" style=\"color:#f50358\">MASTER (15+, grupy licealne i doro\u015bli)<\/h2>\n\n\n\n<div style=\"height:0px\" aria-hidden=\"true\" class=\"wp-block-spacer\"><\/div>\n\n\n\n<p class=\"wp-block-paragraph\"><strong>W minionym roku szkolnym osi\u0105gn\u0119li\u015bmy 100-procentow\u0105 zdawalno\u015b\u0107 na uczelnie wy\u017csze. W 2025 mamy nowych pierwszoroczniak\u00f3w na Politechnice Wroc\u0142awskiej, Pozna\u0144skiej, \u0141\u00f3dzkiej oraz Akademii Sztuk Pi\u0119knych we Wroc\u0142awiu i UAP Pozna\u0144. Najwy\u017cszy uzyskane wynik to 11 miejsce na li\u015bcie Architektury Politechniki Warszawskiej 155\/200 punkt\u00f3w, pi\u0119kny wynik tak\u017ce w \u0141odzi 450\/500 punkt\u00f3w, oraz we Wroc\u0142awiu 580\/660. <\/strong><br><\/p>\n\n\n\n<p class=\"has-text-align-center wp-block-paragraph\">Grupa 1 &#8211; pi\u0105tek 17:00-20:00<\/p>\n\n\n\n<p class=\"has-text-align-center wp-block-paragraph\">Grupa 2 &#8211; sobota 9:30-12:30<\/p>\n\n\n\n<p class=\"has-text-align-center wp-block-paragraph\"><strong>Ilo\u015b\u0107 miejsc ograniczona<\/strong><\/p>\n\n\n\n<p class=\"has-text-align-center wp-block-paragraph\">Op\u0142ata miesi\u0119czna 360 z\u0142<\/p>\n\n\n\n<p class=\"has-text-align-center has-medium-font-size wp-block-paragraph\"><strong>ZAPISY<\/strong>: <a href=\"https:\/\/librusgo.pl\/course-group-sign-up\/775fb72f26c7\">https:\/\/librusgo.pl\/course-group-sign-up\/775fb72f26c7<\/a><\/p>\n\n\n\n<p class=\"wp-block-paragraph\"><\/p>\n\n\n\n<p class=\"wp-block-paragraph\">Spotkania grupy licealnej obejmuj\u0105: 12 godzin w miesi\u0105cu + mo\u017cliwo\u015b\u0107 korzystania z pracowni otwartej (po wcze\u015bniejszym ustaleniu z prowadz\u0105cym), zaj\u0119cia z rysowania martwej natury, postaci,&nbsp;malarstwa, prac z wyobra\u017ani (w zale\u017cno\u015bci od wybranego kierunku studi\u00f3w)<\/p>\n\n\n\n<p class=\"wp-block-paragraph\"><strong>Op\u0142acane miesi\u0119cznie z g\u00f3ry<\/strong><br>Po wcze\u015bniejszym powiadomieniu prowadz\u0105cego mo\u017cliwe jest odrabianie zaj\u0119\u0107 w tygodniu.<\/p>\n\n\n\n<p class=\"wp-block-paragraph\"><strong>Na pierwsze zaj\u0119cia zabierzcie ze sob\u0105 kilka o\u0142\u00f3wk\u00f3w o r\u00f3\u017cnej twardo\u015bci,&nbsp;<\/strong><strong>gumk\u0119 do mazania oraz&nbsp;<\/strong><strong>brystol 50x70cm.<\/strong><\/p>\n\n\n\n<p class=\"wp-block-paragraph\"><strong>Bardzo ch\u0119tnie obejrzymy Wasze dotychczasowe prace, dadz\u0105 nam pe\u0142en obraz&nbsp;umiej\u0119tno\u015bci rysunkowych.<\/strong> Op\u0142aty regulowane s\u0105 z g\u00f3ry za miesi\u0105c. Po wcze\u015bniejszym powiadomieniu prowadz\u0105cego mo\u017cliwe jest odrabianie zaj\u0119\u0107 w tygodniu.<\/p>\n\n\n\n<h3 class=\"wp-block-heading has-text-align-center\" id=\"plan-zajec-dla-grupa-iii-liceum\"><\/h3>\n\n\n\n<h2 class=\"wp-block-heading has-text-align-center has-black-color has-white-background-color has-text-color has-background has-link-color wp-elements-bf0ca69d085d1ac133b1527f0d28078a\" id=\"grupa-doroslych\">Zaj\u0119cia indywidualne&nbsp;<\/h2>\n\n\n\n<p class=\"has-text-align-center wp-block-paragraph\">Terminy i tematyka zaj\u0119\u0107 do ustalenia z prowadz\u0105cym, op\u0142ata wynosi 100z\u0142\/h<\/p>\n\n\n\n<p class=\"wp-block-paragraph\"><\/p>\n\n\n\n<p class=\"wp-block-paragraph\"><\/p>\n\n\n\n<p class=\"wp-block-paragraph\"><\/p>\n\n\n\n<h2 class=\"wp-block-heading has-text-align-center has-text-color\" id=\"oplaty\" style=\"color:#f50358\">Op\u0142aty<\/h2>\n\n\n\n<div style=\"height:20px\" aria-hidden=\"true\" class=\"wp-block-spacer\"><\/div>\n\n\n\n<h3 class=\"wp-block-heading has-text-align-center\" id=\"wplat-mozna-dokonywac-przelewajac-pieniadze-na-ponizszy-nr-konta-bankowego\">Wp\u0142at mo\u017cna dokonywa\u0107 przelewaj\u0105c pieni\u0105dze na poni\u017cszy nr konta bankowego<\/h3>\n\n\n\n<p class=\"has-text-align-center wp-block-paragraph\">Santander Bank:&nbsp;<strong>15 1090 1128 0000 0001 4256 5135<\/strong><\/p>\n\n\n\n<p class=\"has-text-align-center wp-block-paragraph\">Dane do przelewu:&nbsp;<strong>Studio Projektowe Natalia Pietrzykowska,&nbsp;<\/strong><strong>ul. Babina 17\/2, 62-800 Kalisz<\/strong>,&nbsp;<\/p>\n\n\n\n<p class=\"has-text-align-center wp-block-paragraph\">tytu\u0142em: Kurs rysunku<strong>,<\/strong>&nbsp;imi\u0119 i nazwisko uczestnika, grupa wiekowa, miesi\u0105c<\/p>\n\n\n\n<h2 class=\"wp-block-heading has-white-color has-text-color has-link-color wp-elements-0d6a0d3a359251558ce9c9e6e5c5ccbf\"><\/h2>\n\n\n\n<p class=\"wp-block-paragraph\"><\/p>\n","protected":false},"excerpt":{"rendered":"<p>Zapisy do nowych grup: Rozr\u00f3\u017cniamy cztery poziomy grup ze wzgl\u0119du na wiek uczestnik\u00f3w: MINI (7-9 lat), NEXT (10-11lat), PRO (12-14 lat), MASTER (15+) Ilo\u015b\u0107 miejsc ograniczona Zaj\u0119cia odbywaj\u0105 si\u0119 w raz w tygodniu Op\u0142ata comiesi\u0119czna regulowana jest z g\u00f3ry MINI [&hellip;]<\/p>\n","protected":false},"author":1,"featured_media":0,"parent":0,"menu_order":0,"comment_status":"closed","ping_status":"closed","template":"page-templates\/page_fullwidth.php","meta":{"footnotes":""},"class_list":["post-212","page","type-page","status-publish","hentry","clearfix"],"_links":{"self":[{"href":"https:\/\/www.szkolarysunkukalisz.pl\/index.php?rest_route=\/wp\/v2\/pages\/212","targetHints":{"allow":["GET"]}}],"collection":[{"href":"https:\/\/www.szkolarysunkukalisz.pl\/index.php?rest_route=\/wp\/v2\/pages"}],"about":[{"href":"https:\/\/www.szkolarysunkukalisz.pl\/index.php?rest_route=\/wp\/v2\/types\/page"}],"author":[{"embeddable":true,"href":"https:\/\/www.szkolarysunkukalisz.pl\/index.php?rest_route=\/wp\/v2\/users\/1"}],"replies":[{"embeddable":true,"href":"https:\/\/www.szkolarysunkukalisz.pl\/index.php?rest_route=%2Fwp%2Fv2%2Fcomments&post=212"}],"version-history":[{"count":133,"href":"https:\/\/www.szkolarysunkukalisz.pl\/index.php?rest_route=\/wp\/v2\/pages\/212\/revisions"}],"predecessor-version":[{"id":916,"href":"https:\/\/www.szkolarysunkukalisz.pl\/index.php?rest_route=\/wp\/v2\/pages\/212\/revisions\/916"}],"wp:attachment":[{"href":"https:\/\/www.szkolarysunkukalisz.pl\/index.php?rest_route=%2Fwp%2Fv2%2Fmedia&parent=212"}],"curies":[{"name":"wp","href":"https:\/\/api.w.org\/{rel}","templated":true}]}}

<p class="wp-block-paragraph"></p>



<p class="has-text-align-center wp-block-paragraph">Zapisy do nowych grup: </p>



<p class="has-text-align-center wp-block-paragraph"><strong>Rozróżniamy cztery poziomy grup ze względu na wiek uczestników: </strong></p>



<p class="has-text-align-center has-medium-font-size wp-block-paragraph"><strong>MINI (7-9 lat), NEXT (10-11lat), PRO (12-14 lat), MASTER (15+)</strong></p>



<p class="has-text-align-center wp-block-paragraph"><strong>Ilość miejsc ograniczona</strong></p>



<p class="has-text-align-center wp-block-paragraph">Zajęcia odbywają się w raz w tygodniu</p>



<p class="has-text-align-center wp-block-paragraph"><strong>Opłata comiesięczna regulowana jest z góry </strong></p>



<p class="wp-block-paragraph"></p>



<p class="wp-block-paragraph"></p>



<h2 class="wp-block-heading has-text-align-center has-text-color" id="grupa-i-klasy-1-4" style="color:#f50358">MINI (7-9)</h2>



<h3 class="wp-block-heading has-text-align-center" id="plan-zajec-dla-grupa-i-klasy-1-4">Plan zajęć </h3>



<div class="wp-block-group"><div class="wp-block-group__inner-container is-layout-flow wp-block-group-is-layout-flow">
<p class="has-text-align-center wp-block-paragraph"><strong>poniedziałek</strong> 16:00-16:45 &#8211; grupa 1  </p>



<p class="has-text-align-center wp-block-paragraph"><strong>poniedziałek</strong> 17:00-17:45 &#8211; grupa 2</p>



<p class="has-text-align-center wp-block-paragraph"><strong>wtorek</strong> 16:00-16:45 &#8211; grupa 1</p>



<p class="has-text-align-center wp-block-paragraph"><strong>wtorek</strong> 17:00-17:45 &#8211; grupa 2</p>



<p class="has-text-align-center wp-block-paragraph"><strong>środa</strong> 16:45-17:30 &#8211; grupa 1</p>



<p class="has-text-align-center wp-block-paragraph"><strong>czwartek</strong> 16:45-17:30 &#8211; grupa 1</p>



<p class="has-text-align-center wp-block-paragraph"></p>
</div></div>



<p class="has-text-align-center wp-block-paragraph"><strong>Ilość miejsc ograniczona</strong></p>



<p class="has-text-align-center wp-block-paragraph">Opłata miesięczna 160 zł</p>



<p class="has-text-align-center has-medium-font-size wp-block-paragraph" style="text-indent:0px"><strong>ZAPISY: </strong><a href="https://librusgo.pl/course-group-sign-up/7a21a48ca46d" data-type="link" data-id="https://librusgo.pl/course-group-sign-up/7a21a48ca46d">https://librusgo.pl/course-group-sign-up/7a21a48ca46d</a></p>



<h2 class="wp-block-heading has-text-align-center has-text-color" id="grupa-ii-klasy-5-8" style="color:#f50358">NEXT (10-11 lat)</h2>



<h3 class="wp-block-heading has-text-align-center" id="plan-zajec-dla-grupa-ii-klasy-5-8">Plan zajęć </h3>



<p class="has-text-align-center wp-block-paragraph"><strong>poniedziałek </strong>18:15-19:15 grupa 1</p>



<p class="has-text-align-center wp-block-paragraph"><strong>wtorek</strong> 18:15-19:15<strong> </strong>grupa 1</p>



<p class="has-text-align-center has-medium-font-size wp-block-paragraph"><strong><strong>ZAPISY: </strong><a href="https://librusgo.pl/course-group-sign-up/7a21a48ca46d" data-type="link" data-id="https://librusgo.pl/course-group-sign-up/7a21a48ca46d">https://librusgo.pl/course-group-sign-up/7a21a48ca46d</a></strong></p>



<p class="wp-block-paragraph"></p>



<h2 class="wp-block-heading has-text-align-center has-text-color" id="grupa-ii-klasy-5-8" style="color:#f50358">PRO (12-14 lat)</h2>



<h3 class="wp-block-heading has-text-align-center" id="plan-zajec-dla-grupa-ii-klasy-5-8">Plan zajęć </h3>



<div style="height:20px" aria-hidden="true" class="wp-block-spacer"></div>



<p class="has-text-align-center wp-block-paragraph"><strong> poniedziałek </strong>16:00-17:30  grupa 1</p>



<p class="has-text-align-center wp-block-paragraph"><strong>poniedziałek</strong> 17:45-19:15<strong> </strong>grupa 1</p>



<p class="has-text-align-center wp-block-paragraph"><strong> środa</strong> 17:45-19:15 grupa 1</p>



<p class="has-text-align-center wp-block-paragraph"><strong>czwartek</strong> 17:45-19:15 grupa 1</p>



<div style="height:30px" aria-hidden="true" class="wp-block-spacer"></div>



<p class="has-text-align-center wp-block-paragraph"><strong>Ilość miejsc ograniczona</strong></p>



<p class="has-text-align-center wp-block-paragraph">Opłata miesięczna 200 zł </p>



<p class="has-text-align-center has-medium-font-size wp-block-paragraph"><strong>ZAPISY: </strong><a href="https://librusgo.pl/course-group-sign-up/7a21a48ca46d" data-type="link" data-id="https://librusgo.pl/course-group-sign-up/7a21a48ca46d">https://librusgo.pl/course-group-sign-up/7a21a48ca46d</a></p>



<div style="height:50px" aria-hidden="true" class="wp-block-spacer"></div>



<p class="wp-block-paragraph"></p>



<h2 class="wp-block-heading has-text-align-center has-text-color" id="grupa-iii-liceum" style="color:#f50358">MASTER (15+, grupy licealne i dorośli)</h2>



<div style="height:0px" aria-hidden="true" class="wp-block-spacer"></div>



<p class="wp-block-paragraph"><strong>W minionym roku szkolnym osiągnęliśmy 100-procentową zdawalność na uczelnie wyższe. W 2025 mamy nowych pierwszoroczniaków na Politechnice Wrocławskiej, Poznańskiej, Łódzkiej oraz Akademii Sztuk Pięknych we Wrocławiu i UAP Poznań. Najwyższy uzyskane wynik to 11 miejsce na liście Architektury Politechniki Warszawskiej 155/200 punktów, piękny wynik także w Łodzi 450/500 punktów, oraz we Wrocławiu 580/660. </strong><br></p>



<p class="has-text-align-center wp-block-paragraph">Grupa 1 &#8211; piątek 17:00-20:00</p>



<p class="has-text-align-center wp-block-paragraph">Grupa 2 &#8211; sobota 9:30-12:30</p>



<p class="has-text-align-center wp-block-paragraph"><strong>Ilość miejsc ograniczona</strong></p>



<p class="has-text-align-center wp-block-paragraph">Opłata miesięczna 360 zł</p>



<p class="has-text-align-center has-medium-font-size wp-block-paragraph"><strong>ZAPISY</strong>: <a href="https://librusgo.pl/course-group-sign-up/775fb72f26c7">https://librusgo.pl/course-group-sign-up/775fb72f26c7</a></p>



<p class="wp-block-paragraph"></p>



<p class="wp-block-paragraph">Spotkania grupy licealnej obejmują: 12 godzin w miesiącu + możliwość korzystania z pracowni otwartej (po wcześniejszym ustaleniu z prowadzącym), zajęcia z rysowania martwej natury, postaci,&nbsp;malarstwa, prac z wyobraźni (w zależności od wybranego kierunku studiów)</p>



<p class="wp-block-paragraph"><strong>Opłacane miesięcznie z góry</strong><br>Po wcześniejszym powiadomieniu prowadzącego możliwe jest odrabianie zajęć w tygodniu.</p>



<p class="wp-block-paragraph"><strong>Na pierwsze zajęcia zabierzcie ze sobą kilka ołówków o różnej twardości,&nbsp;</strong><strong>gumkę do mazania oraz&nbsp;</strong><strong>brystol 50x70cm.</strong></p>



<p class="wp-block-paragraph"><strong>Bardzo chętnie obejrzymy Wasze dotychczasowe prace, dadzą nam pełen obraz&nbsp;umiejętności rysunkowych.</strong> Opłaty regulowane są z góry za miesiąc. Po wcześniejszym powiadomieniu prowadzącego możliwe jest odrabianie zajęć w tygodniu.</p>



<h3 class="wp-block-heading has-text-align-center" id="plan-zajec-dla-grupa-iii-liceum"></h3>



<h2 class="wp-block-heading has-text-align-center has-black-color has-white-background-color has-text-color has-background has-link-color wp-elements-bf0ca69d085d1ac133b1527f0d28078a" id="grupa-doroslych">Zajęcia indywidualne&nbsp;</h2>



<p class="has-text-align-center wp-block-paragraph">Terminy i tematyka zajęć do ustalenia z prowadzącym, opłata wynosi 100zł/h</p>



<p class="wp-block-paragraph"></p>



<p class="wp-block-paragraph"></p>



<p class="wp-block-paragraph"></p>



<h2 class="wp-block-heading has-text-align-center has-text-color" id="oplaty" style="color:#f50358">Opłaty</h2>



<div style="height:20px" aria-hidden="true" class="wp-block-spacer"></div>



<h3 class="wp-block-heading has-text-align-center" id="wplat-mozna-dokonywac-przelewajac-pieniadze-na-ponizszy-nr-konta-bankowego">Wpłat można dokonywać przelewając pieniądze na poniższy nr konta bankowego</h3>



<p class="has-text-align-center wp-block-paragraph">Santander Bank:&nbsp;<strong>15 1090 1128 0000 0001 4256 5135</strong></p>



<p class="has-text-align-center wp-block-paragraph">Dane do przelewu:&nbsp;<strong>Studio Projektowe Natalia Pietrzykowska,&nbsp;</strong><strong>ul. Babina 17/2, 62-800 Kalisz</strong>,&nbsp;</p>



<p class="has-text-align-center wp-block-paragraph">tytułem: Kurs rysunku<strong>,</strong>&nbsp;imię i nazwisko uczestnika, grupa wiekowa, miesiąc</p>



<h2 class="wp-block-heading has-white-color has-text-color has-link-color wp-elements-0d6a0d3a359251558ce9c9e6e5c5ccbf"></h2>



<p class="wp-block-paragraph"></p>

<p>Zapisy do nowych grup: Rozróżniamy cztery poziomy grup ze względu na wiek uczestników: MINI (7-9 lat), NEXT (10-11lat), PRO (12-14 lat), MASTER (15+) Ilość miejsc ograniczona Zajęcia odbywają się w raz w tygodniu Opłata comiesięczna regulowana jest z góry MINI [&hellip;]</p>
